(-20)/a)/(1/(-9)). Let t be 2/((-18)/h)*(6 - 3). What is the greatest common factor of 45 and t?
5
Suppose 4*n - 43 = -5*m + 3*n, m + 5*n = -1. Suppose 6*o = -m + 117. Calculate the greatest common divisor of 30 and o.
6
Let a be 12396/(-24) + 1/2. Let k be ((-6)/9)/(8/a). Let x = 52 - k. What is the greatest common factor of x and 9?
9
Suppose 7*h = 2*h - 1125. Let s = -120 - h. What is the greatest common divisor of 15 and s?
15
Let g be 606/(1 - (-11 - -10)) - (-4 + 1). Calculate the highest common divisor of 288 and g.
18
Let u be (-27)/(-1)*((-703)/(-76) - 1/4). Calculate the highest common divisor of 36693 and u.
243
Let f(n) = 89*n**2 - 19*n + 20. Let c be f(1). What is the highest common divisor of 6570 and c?
90
Let g be 2 - (-8 - -3)/((-2)/4). Let x be (g/10)/((-8)/380). Suppose 4*d - 2*f = x, -f - 4*f + 59 = 4*d. Calculate the greatest common divisor of d and 77.
11
Let o(f) = 94*f - 22. Let z be o(7). What is the highest common factor of 28 and z?
4
Let g = -15 + 9. Let s be (-44)/g*3 + 4. Let v = -2 + s. What is the greatest common factor of v and 16?
8
Let x(y) = 7*y**2 + 146*y - 28. Let f be x(-22). What is the greatest common divisor of f and 2923?
37
Suppose 0 = 20*d - 1395 - 765. Suppose 0 = 2*l - 3*n - 84, 4*n - 56 = -l - l. Calculate the highest common divisor of l and d.
36
Suppose -h + 111 = k - 20, 3*k = -2*h + 398. Calculate the greatest common divisor of k and 52.
4
Let u = 13 - -2. Let b(p) be the third derivative of -5*p**4/24 - 25*p**3/6 + p**2. Let x be b(-8). What is the highest common divisor of u and x?
15
Suppose -50*i + 3 = -3497. What is the highest common divisor of 315 and i?
35
Suppose 0*x + 133 = 10*x + 343. Let r(a) = -4*a**2 + 4*a - 3. Let v be r(2). Let d = v - x. What is the highest common divisor of d and 40?
10
Let p = 53 - 14. Let l(o) = -o - 13. Let t be l(-15). Let v be (t/(-1) - 0)*(-78)/12. What is the greatest common factor of v and p?
13
Let x(r) = 3*r - 1. Let y = 303 + -300. Let w be x(y). What is the greatest common divisor of 22 and w?
2
Suppose 4*i = -4*l + l + 177, 0 = -5*i - 3*l + 225. Let u be 2520/100*(-20)/(-3). Calculate the highest common divisor of i and u.
24
Let r = -1457 + 1480. Let f be -8*1*(-1 - 6). Let b = f - r. What is the highest common factor of b and 3?
3
Let y(a) = -2*a**3 + 23*a**2 + 20*a - 88. Let g be y(12). Calculate the highest common divisor of 254 and g.
2
Suppose 7*d + 2 = 5*d. Let n be (2 - d)*-3*-1. Suppose -5*c + 22 = -u, -29 = -116*u + 113*u - 4*c. Calculate the greatest common divisor of n and u.
3
Let h be 742/(-4)*(4/(-7))/1. Let z = h - 55. Calculate the highest common divisor of z and 51.
51
Let w = 6619 - 5085. Calculate the highest common factor of w and 78.
26
Let y = 5663 + -5300. Calculate the highest common divisor of 2299 and y.
121
Let a be 4/26 + (-43)/(8385/(-100590)). What is the highest common factor of a and 1161?
129
Let d = -2704 - -2736. What is the greatest common factor of d and 27?
1
Suppose 0 = 2*j - b - 27, 5*j - 2*b = -0 + 71. Calculate the highest common divisor of 12274 and j.
17
Let m = 26833 + -26546. Let c = 0 - -123. What is the highest common factor of m and c?
41
Let o(l) be the first derivative of 9*l**2/2 - l - 15. Let m be o(1). Let t(g) = -g + 12. Let h be t(m). Calculate the greatest common divisor of h and 4.
4
Let p be 42/(((-238)/(-21))/17). What is the greatest common factor of p and 6111?
63
Let z be 8524 + (18 - -2) - 20. Calculate the greatest common factor of z and 4.
4
Suppose -4*w + 708 = -0*w. Let y = -87 + w. Let c(g) = -g**3 + 20*g**2 + 16*g + 115. Let t be c(21). What is the highest common divisor of y and t?
10
Suppose -228*j = -121743 + 29132 - 276065. What is the highest common divisor of j and 1029?
147
Let g(s) = 23*s**3 + s**2 - 5*s + 14. Let c be g(2). Suppose w = -3*w + c. Calculate the highest common factor of w and 112.
16
Let m(h) = 6*h**2 - h + 192. Suppose 30*x = 16*x. Let j be m(x). Calculate the greatest common divisor of 12 and j.
12
Suppose 19 - 25 = 6*k. Let w be -2 + ((-252)/98)/(k/7). Calculate the highest common factor of 4 and w.
4
Let c = -50 + 848. What is the highest common factor of c and 98?
14
Let n be 51532/(-2)*(-156)/312. What is the highest common factor of n and 13?
13
Suppose -2*r + 8*a = 4*a - 24280, 3*r + a - 36420 = 0. Calculate the highest common factor of 20 and r.
20
Let p = 784 - 547. Suppose 0 = 4*d + p - 317. Let x(l) = 2*l**3 - 6*l**2 - 5*l - 6. Let n be x(6). What is the greatest common factor of n and d?
20
Let i = -82 - -115. Let f = -1052 - -164. Let j be (6/15)/(f/(-220) - 4). What is the greatest common divisor of i and j?
11
Suppose -4*n - 5*w - 46 = -0*w, -4*w + 19 = -3*n. Let u be n/(-12) + 36/16. Calculate the greatest common factor of u and 3.
3
Suppose -49 = -3*z + 23*y - 18*y, -5*z = 2*y + 1. Calculate the highest common divisor of 339 and z.
3
Suppose 2*t + 3*t = 55. Let c be 9840/28 - 208/(-364). Calculate the greatest common divisor of c and t.
11
Let q be (2/6)/(-12*6/(-1403352)). Calculate the highest common factor of q and 73.
73
Let s = -2875 - -2954. Calculate the highest common factor of 3081 and s.
79
Suppose 392*j - 1460330 = -110*j + 11753816. Calculate the highest common factor of j and 11.
11
Let l(z) = -z**2 - 63*z - 14. Let v be l(-29). Suppose 21*d - v = 9*d. What is the greatest common factor of d and 9?
9
Let j = 324 - 268. Let z = 61 - j. Suppose -4*c + 13 = 5*v, -4*c - 7 = v - 0*c. What is the greatest common divisor of z and v?
5
Suppose 0 = 4*r + 11*h - 9*h - 8, 2*r = -4*h - 2. Suppose c = 5*c + 2*s - 660, -r*c + 495 = -4*s. Calculate the highest common factor of 440 and c.
55
Let j = 3519 + -3401. What is the greatest common factor of j and 531?
59
Let i(v) = -17*v**3 + 2*v**2 + v. Let g be i(-1). Let f = g + -11. Suppose -f*d = -114 - 117. What is the greatest common factor of 3 and d?
3
Let u = -764 - -801. Let l = u + 139. What is the greatest common factor of l and 32?
16
Let w be (-2 + 1)*16/(-2). Let c(l) be the second derivative of l**4/12 - 26*l**2 + 30*l. Let s be c(-8). What is the greatest common factor of s and w?
4
Let h(k) = k + 52. Let v(m) = 8*m - 322. Let c be v(36). Let n be h(c). Suppose -158 = 4*l - 410. What is the greatest common divisor of l and n?
9
Suppose -139334 + 13405 - 46103 = -128*b. Calculate the greatest common divisor of b and 21.
21
Suppose 2*g + 2*u = 106, -u - u = g - 51. Let q(a) = 25*a + 33. Let r be q(0). What is the highest common factor of g and r?
11
Let h(y) = y**2 + 32*y - 4298. Let u be h(52). What is the greatest common factor of 830 and u?
10
Let m(l) = l**3 + 4*l**2 - 6*l - 5. Let v be m(-5). Suppose v = 5*s - 230 - 55. Suppose -54*k - 54 = -s*k. Calculate the greatest common divisor of k and 27.
9
Let q(h) = -5*h + 98. Let l be q(19). Let v be l/18*45*8/20. Suppose 0 = -5*j + 79 + 56. What is the highest common divisor of v and j?
3
Let p be (-11 - (-365)/(-10))/(-2*3/12). Calculate the highest common divisor of 115 and p.
5
Let x(g) = -2*g**2 - 20*g + 201. Let i be x(6). Calculate the highest common factor of 6849 and i.
9
Let q be (-3 - (-310)/(-15)) + 1/(-3). Let i be 6/(-2) - (7 + q). Let m be 3*(1 - 0)*42. What is the highest common factor of m and i?
14
Let d(n) = -3*n + 45. Suppose -15 + 2 = -p. Let r be d(p). Let z be (0 - r/(-9))*(-18)/(-1). Calculate the highest common divisor of 12 and z.
12
Suppose -3*u - c + 18 = 0, 0 = -3*u + 7*c - 3*c + 18. Suppose u*g + 166 = 5*k + 4*g, 4*k - 134 = 2*g. Calculate the highest common divisor of k and 416.
32
Let w(v) = -17*v**2 - 31*v + 35. Let i(u) = 8*u**2 + 16*u - 17. Let o(r) = -5*i(r) - 3*w(r). Let a be o(5). What is the highest common factor of a and 20?
20
Suppose -n = 2*c - 20, 673*c - n = 671*c + 24. Let u = 1192 - 828. Suppose -5*p = -21 - u. What is the highest common factor of p and c?
11
Let t = 27 + 30. Suppose m + 2*m = t. Let s(w) = 3*w**3 + 2*w**2 + 171. Let u be s(0). What is the highest common factor of u and m?
19
Suppose -39*o + 114283 = 5395. What is the greatest common divisor of 24 and o?
8
Let z = 53 - 36. Let y = -273 + 290. What is the greatest common divisor of y and z?
17
Let i = 5282 + -5060. What is the greatest common divisor of i and 703?
37
Let b = 3632 - 3605. Calculate the highest commo